{"id":4894,"date":"2023-09-11T11:36:56","date_gmt":"2023-09-11T18:36:56","guid":{"rendered":"https:\/\/nems.org\/?page_id=4894"},"modified":"2026-02-26T09:57:22","modified_gmt":"2026-02-26T17:57:22","slug":"epico","status":"publish","type":"page","link":"https:\/\/www.nems.org\/span\/resources\/epic\/","title":{"rendered":"Sistema de registro m\u00e9dico electr\u00f3nico de Epic"},"content":{"rendered":"","protected":false},"excerpt":{"rendered":"","protected":false},"author":10,"featured_media":4911,"parent":59,"menu_order":0,"comment_status":"closed","ping_status":"closed","template":"template-general.php","meta":{"_acf_changed":false,"footnotes":""},"class_list":["post-4894","page","type-page","status-publish","has-post-thumbnail","hentry"],"acf":[],"yoast_head":"<!-- This site is optimized with the Yoast SEO plugin v27.4 - https:\/\/yoast.com\/product\/yoast-seo-wordpress\/ -->\n<title>Epic Electronic Medical System - NEMS<\/title>\n<meta name=\"robots\" content=\"index, follow, max-snippet:-1, max-image-preview:large, max-video-preview:-1\" \/>\n<link rel=\"canonical\" href=\"https:\/\/www.nems.org\/span\/recursos\/epico\/\" \/>\n<meta property=\"og:locale\" content=\"es_MX\" \/>\n<meta property=\"og:type\" content=\"article\" \/>\n<meta property=\"og:title\" content=\"Epic Electronic Medical System - NEMS\" \/>\n<meta property=\"og:url\" content=\"https:\/\/www.nems.org\/span\/recursos\/epico\/\" \/>\n<meta property=\"og:site_name\" content=\"NEMS\" \/>\n<meta property=\"article:modified_time\" content=\"2026-02-26T17:57:22+00:00\" \/>\n<meta property=\"og:image\" content=\"https:\/\/www.nems.org\/wp-content\/uploads\/MyChart-with-iphone-scaled-e1695048612448.jpg\" \/>\n\t<meta property=\"og:image:width\" content=\"1847\" \/>\n\t<meta property=\"og:image:height\" content=\"1344\" \/>\n\t<meta property=\"og:image:type\" content=\"image\/jpeg\" \/>\n<meta name=\"twitter:card\" content=\"summary_large_image\" \/>\n<meta name=\"twitter:label1\" content=\"Tiempo de lectura\" \/>\n\t<meta name=\"twitter:data1\" content=\"1 minuto\" \/>\n<script type=\"application\/ld+json\" class=\"yoast-schema-graph\">{\"@context\":\"https:\\\/\\\/schema.org\",\"@graph\":[{\"@type\":\"WebPage\",\"@id\":\"https:\\\/\\\/www.nems.org\\\/resources\\\/epic\\\/\",\"url\":\"https:\\\/\\\/www.nems.org\\\/resources\\\/epic\\\/\",\"name\":\"Epic Electronic Medical System - NEMS\",\"isPartOf\":{\"@id\":\"https:\\\/\\\/www.nems.org\\\/#website\"},\"primaryImageOfPage\":{\"@id\":\"https:\\\/\\\/www.nems.org\\\/resources\\\/epic\\\/#primaryimage\"},\"image\":{\"@id\":\"https:\\\/\\\/www.nems.org\\\/resources\\\/epic\\\/#primaryimage\"},\"thumbnailUrl\":\"https:\\\/\\\/www.nems.org\\\/wp-content\\\/uploads\\\/MyChart-with-iphone-scaled-e1695048612448.jpg\",\"datePublished\":\"2023-09-11T18:36:56+00:00\",\"dateModified\":\"2026-02-26T17:57:22+00:00\",\"breadcrumb\":{\"@id\":\"https:\\\/\\\/www.nems.org\\\/resources\\\/epic\\\/#breadcrumb\"},\"inLanguage\":\"es\",\"potentialAction\":[{\"@type\":\"ReadAction\",\"target\":[\"https:\\\/\\\/www.nems.org\\\/resources\\\/epic\\\/\"]}]},{\"@type\":\"ImageObject\",\"inLanguage\":\"es\",\"@id\":\"https:\\\/\\\/www.nems.org\\\/resources\\\/epic\\\/#primaryimage\",\"url\":\"https:\\\/\\\/www.nems.org\\\/wp-content\\\/uploads\\\/MyChart-with-iphone-scaled-e1695048612448.jpg\",\"contentUrl\":\"https:\\\/\\\/www.nems.org\\\/wp-content\\\/uploads\\\/MyChart-with-iphone-scaled-e1695048612448.jpg\",\"width\":1847,\"height\":1344},{\"@type\":\"BreadcrumbList\",\"@id\":\"https:\\\/\\\/www.nems.org\\\/resources\\\/epic\\\/#breadcrumb\",\"itemListElement\":[{\"@type\":\"ListItem\",\"position\":1,\"name\":\"Home\",\"item\":\"https:\\\/\\\/www.nems.org\\\/\"},{\"@type\":\"ListItem\",\"position\":2,\"name\":\"Resources\",\"item\":\"https:\\\/\\\/www.nems.org\\\/resources\\\/\"},{\"@type\":\"ListItem\",\"position\":3,\"name\":\"Epic Electronic Medical System\"}]},{\"@type\":\"WebSite\",\"@id\":\"https:\\\/\\\/www.nems.org\\\/#website\",\"url\":\"https:\\\/\\\/www.nems.org\\\/\",\"name\":\"NEMS\",\"description\":\"North East Medical Services (NEMS) is a non-profit community health center serving the San Francisco Bay Area\",\"potentialAction\":[{\"@type\":\"SearchAction\",\"target\":{\"@type\":\"EntryPoint\",\"urlTemplate\":\"https:\\\/\\\/www.nems.org\\\/?s={search_term_string}\"},\"query-input\":{\"@type\":\"PropertyValueSpecification\",\"valueRequired\":true,\"valueName\":\"search_term_string\"}}],\"inLanguage\":\"es\"}]}<\/script>\n<!-- \/ Yoast SEO plugin. -->","yoast_head_json":{"title":"Sistema m\u00e9dico electr\u00f3nico \u00e9pico - NEMS","robots":{"index":"index","follow":"follow","max-snippet":"max-snippet:-1","max-image-preview":"max-image-preview:large","max-video-preview":"max-video-preview:-1"},"canonical":"https:\/\/www.nems.org\/span\/recursos\/epico\/","og_locale":"es_MX","og_type":"article","og_title":"Epic Electronic Medical System - NEMS","og_url":"https:\/\/www.nems.org\/span\/recursos\/epico\/","og_site_name":"NEMS","article_modified_time":"2026-02-26T17:57:22+00:00","og_image":[{"width":1847,"height":1344,"url":"https:\/\/www.nems.org\/wp-content\/uploads\/MyChart-with-iphone-scaled-e1695048612448.jpg","type":"image\/jpeg"}],"twitter_card":"summary_large_image","twitter_misc":{"Tiempo de lectura":"1 minuto"},"schema":{"@context":"https:\/\/schema.org","@graph":[{"@type":"WebPage","@id":"https:\/\/www.nems.org\/resources\/epic\/","url":"https:\/\/www.nems.org\/resources\/epic\/","name":"Sistema m\u00e9dico electr\u00f3nico \u00e9pico - NEMS","isPartOf":{"@id":"https:\/\/www.nems.org\/#website"},"primaryImageOfPage":{"@id":"https:\/\/www.nems.org\/resources\/epic\/#primaryimage"},"image":{"@id":"https:\/\/www.nems.org\/resources\/epic\/#primaryimage"},"thumbnailUrl":"https:\/\/www.nems.org\/wp-content\/uploads\/MyChart-with-iphone-scaled-e1695048612448.jpg","datePublished":"2023-09-11T18:36:56+00:00","dateModified":"2026-02-26T17:57:22+00:00","breadcrumb":{"@id":"https:\/\/www.nems.org\/resources\/epic\/#breadcrumb"},"inLanguage":"es","potentialAction":[{"@type":"ReadAction","target":["https:\/\/www.nems.org\/resources\/epic\/"]}]},{"@type":"ImageObject","inLanguage":"es","@id":"https:\/\/www.nems.org\/resources\/epic\/#primaryimage","url":"https:\/\/www.nems.org\/wp-content\/uploads\/MyChart-with-iphone-scaled-e1695048612448.jpg","contentUrl":"https:\/\/www.nems.org\/wp-content\/uploads\/MyChart-with-iphone-scaled-e1695048612448.jpg","width":1847,"height":1344},{"@type":"BreadcrumbList","@id":"https:\/\/www.nems.org\/resources\/epic\/#breadcrumb","itemListElement":[{"@type":"ListItem","position":1,"name":"Home","item":"https:\/\/www.nems.org\/"},{"@type":"ListItem","position":2,"name":"Resources","item":"https:\/\/www.nems.org\/resources\/"},{"@type":"ListItem","position":3,"name":"Epic Electronic Medical System"}]},{"@type":"WebSite","@id":"https:\/\/www.nems.org\/#website","url":"https:\/\/www.nems.org\/","name":"NEMS","description":"North East Medical Services (NEMS) es un centro de salud comunitario sin fines de lucro que presta servicios en el \u00c1rea de la Bah\u00eda de San Francisco.","potentialAction":[{"@type":"SearchAction","target":{"@type":"EntryPoint","urlTemplate":"https:\/\/www.nems.org\/?s={search_term_string}"},"query-input":{"@type":"PropertyValueSpecification","valueRequired":true,"valueName":"search_term_string"}}],"inLanguage":"es"}]}},"_links":{"self":[{"href":"https:\/\/www.nems.org\/span\/wp-json\/wp\/v2\/pages\/4894","targetHints":{"allow":["GET"]}}],"collection":[{"href":"https:\/\/www.nems.org\/span\/wp-json\/wp\/v2\/pages"}],"about":[{"href":"https:\/\/www.nems.org\/span\/wp-json\/wp\/v2\/types\/page"}],"author":[{"embeddable":true,"href":"https:\/\/www.nems.org\/span\/wp-json\/wp\/v2\/users\/10"}],"replies":[{"embeddable":true,"href":"https:\/\/www.nems.org\/span\/wp-json\/wp\/v2\/comments?post=4894"}],"version-history":[{"count":0,"href":"https:\/\/www.nems.org\/span\/wp-json\/wp\/v2\/pages\/4894\/revisions"}],"up":[{"embeddable":true,"href":"https:\/\/www.nems.org\/span\/wp-json\/wp\/v2\/pages\/59"}],"wp:featuredmedia":[{"embeddable":true,"href":"https:\/\/www.nems.org\/span\/wp-json\/wp\/v2\/media\/4911"}],"wp:attachment":[{"href":"https:\/\/www.nems.org\/span\/wp-json\/wp\/v2\/media?parent=4894"}],"curies":[{"name":"Gracias","href":"https:\/\/api.w.org\/{rel}","templated":true}]}}